{"id":19,"date":"2025-05-20T22:03:59","date_gmt":"2025-05-20T22:03:59","guid":{"rendered":"https:\/\/apinkmoment.com\/?page_id=19"},"modified":"2025-05-20T22:15:05","modified_gmt":"2025-05-20T22:15:05","slug":"servicios","status":"publish","type":"page","link":"https:\/\/apinkmoment.com\/index.php\/servicios\/","title":{"rendered":"Servicios"},"content":{"rendered":"\n<ul class=\"wp-block-list\">\n<li><strong>Microblading<\/strong><\/li>\n<\/ul>\n\n\n\n<p>T\u00e9cnica de semipermanente para cejas que crea pelos naturales con pigmentaci\u00f3n personalizada. Realizado por t\u00e9cnico certificado.<\/p>\n\n\n\n<ul class=\"wp-block-list\">\n<li><strong>Pesta\u00f1as<\/strong><\/li>\n<\/ul>\n\n\n\n<p>Extensiones y lifting de pesta\u00f1as para un look m\u00e1s intenso y definido.<\/p>\n\n\n\n<ul class=\"wp-block-list\">\n<li><strong>U\u00f1as (Pedicura y Manicura)<\/strong><\/li>\n<\/ul>\n\n\n\n<p>\u00a0Servicios de manicura y pedicura tradicional, semipermanente y decoraci\u00f3n art\u00edstica.<\/p>\n\n\n\n<ul class=\"wp-block-list\">\n<li><strong>Masajes Corporales<\/strong><\/li>\n<\/ul>\n\n\n\n<p>Terapias de relajaci\u00f3n o descontracturantes para aliviar tensiones y mejorar la circulaci\u00f3n.<\/p>\n","protected":false},"excerpt":{"rendered":"<p>T\u00e9cnica de semipermanente para cejas que crea pelos naturales con pigmentaci\u00f3n personalizada. Realizado por t\u00e9cnico certificado. Extensiones y lifting de pesta\u00f1as para un look m\u00e1s intenso y definido. \u00a0Servicios de manicura y pedicura tradicional, semipermanente y decoraci\u00f3n art\u00edstica. Terapias de relajaci\u00f3n o descontracturantes para aliviar tensiones y mejorar la circulaci\u00f3n.<\/p>\n","protected":false},"author":1,"featured_media":0,"parent":0,"menu_order":0,"comment_status":"closed","ping_status":"closed","template":"","meta":{"footnotes":""},"class_list":["post-19","page","type-page","status-publish","hentry"],"_links":{"self":[{"href":"https:\/\/apinkmoment.com\/index.php\/wp-json\/wp\/v2\/pages\/19","targetHints":{"allow":["GET"]}}],"collection":[{"href":"https:\/\/apinkmoment.com\/index.php\/wp-json\/wp\/v2\/pages"}],"about":[{"href":"https:\/\/apinkmoment.com\/index.php\/wp-json\/wp\/v2\/types\/page"}],"author":[{"embeddable":true,"href":"https:\/\/apinkmoment.com\/index.php\/wp-json\/wp\/v2\/users\/1"}],"replies":[{"embeddable":true,"href":"https:\/\/apinkmoment.com\/index.php\/wp-json\/wp\/v2\/comments?post=19"}],"version-history":[{"count":3,"href":"https:\/\/apinkmoment.com\/index.php\/wp-json\/wp\/v2\/pages\/19\/revisions"}],"predecessor-version":[{"id":30,"href":"https:\/\/apinkmoment.com\/index.php\/wp-json\/wp\/v2\/pages\/19\/revisions\/30"}],"wp:attachment":[{"href":"https:\/\/apinkmoment.com\/index.php\/wp-json\/wp\/v2\/media?parent=19"}],"curies":[{"name":"wp","href":"https:\/\/api.w.org\/{rel}","templated":true}]}}